- 0 + 45. Let z be ((-25)/d + -2)/(2/(-6)). Suppose 2 - z = h + 3*l, 0 = l + 2. What are the prime factors of h?
7
Let u = 654 + -1581. Let r = -496 - u. What are the prime factors of r?
431
Suppose -295*j + 309*j = 3948. Let c = j + 178. List the prime factors of c.
2, 5, 23
Let m = -2 + 14. Let x be 28/(-3)*(-618)/824. Suppose -x*g + 3154 = m*g. What are the prime factors of g?
2, 83
Let a(h) = h**3 + 63*h**2 + 158*h - 198. What are the prime factors of a(-51)?
2, 3, 1913
Suppose -u = 4*k - 1752, k = -u + 51 + 1692. Suppose 37*c - u = 33*c. List the prime factors of c.
3, 5, 29
Suppose 5117 = 7*p - 6*p - 4*r, 3*p = 4*r + 15367. List the prime factors of p.
5, 41
Let c(b) = -b - 14. Suppose -4*v - 4 = 32. Let x be c(v). Let z(y) = 3*y**2 + y - 1. List the prime factors of z(x).
3, 23
Let a(y) = 1118*y - 23. Let h be a(1). Let l = 2507 - h. List the prime factors of l.
2, 353
Suppose 0 = 7*n - 3*n - 16, 0 = -5*c - 5*n + 20. List the prime factors of 0 + 0 + c + 49 + 240.
17
Suppose 15319 = m + 2*u, 38*u + 15 = 33*u. List the prime factors of m.
5, 613
Let r(a) = 167*a**2 + 27*a + 207. List the prime factors of r(14).
33317
Let j(k) = 3*k**3 - 5*k**2 + 5*k - 6. Let r(a) = a**2 - 12. Let d(x) = -x**3 + 8*x**2 - 6*x - 3. Let i be d(7). Let o be r(i). List the prime factors of j(o).
2, 3, 7
What are the prime factors of ((5 + 3)*7817)/2?
2, 7817
Suppose 870060 - 306547 = 103*w. List the prime factors of w.
5471
Suppose 2*b + 13 = -u + 11, 7 = -u - b. What are the prime factors of (-66)/(-4)*(-400)/u?
2, 5, 11
Let v be (-18)/12 - 3/(-2). Suppose 3*y - 80 + 323 = v. Let f = y + 194. List the prime factors of f.
113
Let u be -3*(3 + 28/(-12)). Let s be 3 - (-4 - -2)/u - -4. Suppose s*l - 589 + 151 = 0. List the prime factors of l.
73
Let h = -77451 - -142753. List the prime factors of h.
2, 103, 317
Suppose 4*f = g + 9, -f - 20*g + 6 = -24*g. Suppose -w + 746 = 2*l, f*w - 229 - 1249 = 3*l. What are the prime factors of w?
2, 7, 53
Let n = 39 + -35. Suppose 4*o + 3*k + 360 = 5*o, 3*k = -n*o + 1515. What are the prime factors of o?
3, 5
Let c(m) be the third derivative of 0 - 21*m**2 + 0*m - 13/6*m**3 + 1/2*m**4. What are the prime factors of c(5)?
47
Let p(o) = o**2 - o - 17. Let l be p(-6). Let w = l + -22. Suppose -2*t - w*t = -110. List the prime factors of t.
2, 11
Let x = 80 + -33. Suppose 0 = -s - c + x, -4*c - 83 = -4*s + 65. Suppose 8*z - 15*z + s = 0. List the prime factors of z.
2, 3
Let j = -18 + 28. Let o be ((-2)/(-8)*5)/((-4)/16). What are the prime factors of o/j + (-1756)/(-8) + -1?
2, 109
Suppose -2682 = 4*m - 466. Let w = m + 939. What are the prime factors of w?
5, 7, 11
Let b(r) = -24*r**2 - 16*r**2 + 6*r**2 + 2*r + 11 - 4*r**3. What are the prime factors of b(-10)?
3, 197
Suppose -d = -4*c - 51 - 9, 2*d + 72 = -4*c. Let s be (c/5)/(12/(-30)). Suppose -148 = -s*i + 548. What are the prime factors of i?
3, 29
Let v(t) = -10*t**3 - 12*t**2 - 17*t - 85. Let p be v(-9). Suppose 4*g + g + 3*m - 6358 = 0, 5*g - 4*m = p. List the prime factors of g.
2, 7, 13
Let a(z) = z**2 + 12*z - 50. Let t(c) = -150 + 35*c + 137*c**2 - 67*c**2 - 66*c**2. Let w(x) = -7*a(x) + 2*t(x). What are the prime factors of w(15)?
5, 13
Let g(n) = 130*n**3 - n**2 - n. Let b be g(-1). Suppose 8*v - 5*v + 209 = -u, -u - 2*v = 205. Let h = b - u. What are the prime factors of h?
67
Suppose -z = 2*z. Suppose -4*h - 5*r + 8 = 0, z = -5*h + r - 2*r + 10. Suppose m = 0, h*u - m + 75 = 5*u. List the prime factors of u.
5
Let f be (2/4)/(1084/(-544) + 2). Let c = f - 10. List the prime factors of c.
2, 29
Suppose -11*i = 77, -93579 = -4*c - 2*i - 12757. What are the prime factors of c?
7, 2887
What are the prime factors of ((-388)/(-14))/(36 + (-5710265)/158620)?
2, 97, 103
Suppose -l - x = -3*x - 147, -5*l + 741 = -4*x. Suppose -i = -3*p - 187 - l, -5*p + 5 = 0. What are the prime factors of i?
3, 113
Let u = -406 + 665. Suppose -6*y + 4043 = -u. List the prime factors of y.
3, 239
Suppose 123*g - 107*g = 674000. List the prime factors of g.
5, 337
Suppose 0 = 42*d + 55112 - 532988. List the prime factors of d.
2, 5689
Suppose 0 = -9*x + 15*x - 852. Suppose -38 = 2*c - x. Suppose 0 = -q + c + 36. List the prime factors of q.
2, 11
Let d be 114/(-1425) - 254/(-50). Suppose 10*s + 2*a - 1018 = 9*s, 2*a + 5102 = d*s. What are the prime factors of s?
2, 3, 5, 17
Let x = -1816 + 217. Let a = -432 - x. List the prime factors of a.
3, 389
Suppose -4*h = x - 109 - 11, -2*h - 2*x = -54. Let p = 33 - h. Suppose -5*n + 121 - 417 = -p*v, -v = -3*n - 149. What are the prime factors of v?
11, 13
Suppose 48*b - 12*b + 44521 = 164761. List the prime factors of b.
2, 5, 167
Let y = -14 + -45. Let s = 36 - y. What are the prime factors of s?
5, 19
List the prime factors of 3142605/69 + (196/16)/(-7)*-4.
2, 3, 13, 73
Let v(j) = 1656*j + 686. List the prime factors of v(9).
2, 5, 1559
Let d(b) = -2*b**3 + 29*b**2 + 125*b - 60. What are the prime factors of d(-11)?
2, 37
Let s(g) = 12*g - 34. Let r be s(5). Suppose j + 0 = r. Let d(p) = 4*p + 48. List the prime factors of d(j).
2, 19
Let b = 567 + -318. List the prime factors of b*6*2/12.
3, 83
Let m(c) = 20*c + 136. Let g(s) = 5*s + 34. Let l(w) = -9*g(w) + 2*m(w). Let y be 910/(-39) - 44/(-33). List the prime factors of l(y).
2, 19
Suppose 125*b + 438 = 119*b. Let k = b + 858. List the prime factors of k.
5, 157
Suppose 3*v - 10311 = -4*c, 0 = 4*v - 4*c - 1832 - 11860. What are the prime factors of v?
3, 127
Let r = -70 - -76. Let m be ((-16)/10)/(r/105). Let p = 83 + m. What are the prime factors of p?
5, 11
Let j(f) = -94*f + 23. Let n be j(6). Let m = 553 - n. List the prime factors of m.
2, 547
Let k(f) = 130*f**2 - 8*f + 7. Let u be k(3). Let l = 1700 - u. What are the prime factors of l?
547
Let g(k) = k - 1. Let n be g(-3). Let l be 1 - 3 - n - -3. Suppose i = l*z + 45, 0 = 3*i - 3*z - 239 + 44. List the prime factors of i.
2, 5, 7
Let r(y) = 196*y**2 + 27*y + 75. What are the prime factors of r(-4)?
29, 107
Let m = 58 + -58. Suppose -14 = -3*z - 4*u, 2*z - 5*z - u + 8 = m. Suppose r = 6*r + z*b - 155, 0 = b. List the prime factors of r.
31
Let q(m) = 5*m**2 + 457*m - 63. What are the prime factors of q(30)?
3, 23, 263
Suppose 19 = y + 12. Let s = y - 0. Let d(l) = 2*l**2 - 3*l - 7. What are the prime factors of d(s)?
2, 5, 7
Suppose 4*q - 272 = -0*q. Let m(x) = -2*x**2 - 20*x + 153. Let d be m(-15). Suppose -5*h - d*g - 229 = -567, -h - g = -q. List the prime factors of h.
67
Let g(n) = 70*n + 9058. List the prime factors of g(97).
2, 7, 283
Let h(a) = a**3. Let x be h(1). Let w be x + 2 + -1*0/(-1). What are the prime factors of (2/1 + 4)*7/w?
2, 7
Suppose -141*s + 27721 = -122*s. Let j = 2498 - s. What are the prime factors of j?
1039
Let w = -24649 - -42165. What are the prime factors of w?
2, 29, 151
Let c be 20 - (-6 + (1 - -17) - 6). Suppose -19*o = -c*o - 1925. List the prime factors of o.
5, 7, 11
Let k(p) = -24 + 3*p + 21 - 6*p**3 - p - 3*p**2. What are the prime factors of k(-5)?
2, 331
Let l be -18*(-5)/30*-3. Let x(h) = -10*h + 20. Let p be x(l). What are the prime factors of (-3)/((-6)/p) - 4?
3, 17
Let t(z) = 5*z + 21. Let u be t(-4). List the prime factors of -1*(u - 2)*(8 + 111).
7, 17
Let h be ((-120)/(-100))/((-6)/20). Let w(m) = -205*m - 26. List the prime factors of w(h).
2, 397
List the prime factors of 90 + 16454 + 4/(-20) + (-28)/10.
7, 17, 139
Let s be 1/((-3)/(-7) - (-129)/(-252)). Let x be 0/((2/(-6))/(4/s)). Suppose x = 4*n + 17 - 681. What are the prime factors of n?
2, 83
Let l be ((-42)/8*-2)/(4 - 225/60). Let k = -51 - -77. Suppose c - l = k. List the prime factors of c.
2, 17
Let c(h) = 2*h**3 + 6*h**2 + 2*h - 4. Let k be c(-4). Let n = k - -46. Suppose -4*i + 71 = -n*i - 3*v, 5*v - 190 = -5*i. What are the prime factors of i?
37
Let n = -21 + 8. Let f(h) be the third derivative of h**6/120 + h**5/6 - 11*h**4/6 + h**3/3 - 3010*h**2. What are the prime factors of f(n)?
67
Let f be (60/5)/(-6) + 1446 + 1. Let a = f - 533. List the prime factors of a.
2, 3, 19
Let t = 22 - 16. Let r(g) be the first derivative of 29*g**2/2 - 4*g - 983. List the prime factors of r(t).
2, 5, 17
Let j(f) = 2*f**3 + f + 1. Let l(u) = 29*u**3 - 3*u**2 + 4*u + 19. Let g(r) = -6*j(r) + l(r). List the prime factors of g(3).
